posite number?
True
Is 584561189 prime?
True
Is 3641851489 a composite number?
False
Is 112918789 prime?
True
Is 16534567981 a composite number?
False
Is 327975467 a prime number?
False
Is 54910067189 a composite number?
False
Is 691952551 a prime number?
True
Is 49245560347 composite?
True
Is 932902039 prime?
False
Is 7972846697 prime?
False
Is 55024859 a prime number?
True
Is 2069319701 a composite number?
False
Is 123937298957 prime?
True
Is 7501781143 a prime number?
False
Is 4537973107 prime?
False
Is 4658961497 a composite number?
True
Is 19645041287 a prime number?
True
Is 49545139 prime?
False
Is 140119739 a composite number?
True
Is 2359692763 a composite number?
True
Is 166875335273 prime?
True
Is 26638081 prime?
False
Is 1761581537 a composite number?
True
Is 43973710271 a composite number?
False
Is 3938699243 a composite number?
False
Is 254448668519 a prime number?
True
Is 26155561 a prime number?
False
Is 820708727 a prime number?
False
Is 172947959641 a composite number?
True
Is 41185337 a prime number?
False
Is 7380711491 a prime number?
False
Is 137562786539 a prime number?
True
Is 655240159 a composite number?
True
Is 666755431 composite?
False
Is 438368759 a composite number?
True
Is 22302130117 composite?
True
Is 20200714517 a prime number?
False
Is 6632839943 a composite number?
False
Is 881451355 prime?
False
Is 36319927363 a prime number?
False
Is 10382873443 a prime number?
False
Is 8701045561 prime?
False
Is 131949001 a composite number?
True
Is 725206667 a composite number?
False
Is 5453128019 prime?
True
Is 8473889 prime?
True
Is 929577989 a composite number?
False
Is 6510967 prime?
True
Is 64897700047 a composite number?
True
Is 7513160987 composite?
True
Is 420061193293 a prime number?
False
Is 1054429951 a composite number?
False
Is 909623899 prime?
False
Is 3502367509 prime?
True
Is 25858769099 a composite number?
False
Is 4940246471 prime?
True
Is 114175335698 a composite number?
True
Is 80837621 a composite number?
False
Is 11231035693 a composite number?
False
Is 45515435521 prime?
True
Is 16996910545 composite?
True
Is 53457115793 a prime number?
False
Is 344528447 composite?
False
Is 60569335159 a prime number?
False
Is 16977226471 prime?
True
Is 66866666065 a prime number?
False
Is 110333917 a composite number?
True
Is 272181657593 a prime number?
True
Is 37542082997 a composite number?
False
Is 55710655981 composite?
True
Is 1453086449 a composite number?
True
Is 448859839 a prime number?
False
Is 394260494 a composite number?
True
Is 1543577891 composite?
False
Is 96242977 prime?
True
Is 28163646437 a prime number?
False
Is 59385971 a prime number?
True
Is 21862003213 a composite number?
True
Is 5986840759 composite?
True
Is 20330302121 prime?
True
Is 254389217 composite?
False
Is 234743011 prime?
False
Is 52813255333 prime?
False
Is 1712280841 a composite number?
False
Is 10215956831 a composite number?
False
Is 1778333933 composite?
True
Is 325175713 prime?
True
Is 1423575401 a prime number?
False
Is 348686369 prime?
False
Is 38887396507 composite?
False
Is 7381912819 composite?
False
Is 125468437 a prime number?
False
Is 89732650219 a composite number?
False
Is 15222289559 prime?
True
Is 15858628013 composite?
False
Is 5709628787 prime?
False
Is 6011620997 prime?
True
Is 38479661933 a composite number?
True
Is 16088626369 prime?
True
Is 11505222623 a composite number?
False
Is 13051156219 composite?
False
Is 1320936037 composite?
False
Is 89139072299 prime?
False
Is 2138655203 a composite number?
False
Is 2206204921 a composite number?
False
Is 144221209313 a composite number?
False
Is 1882421287 composite?
True
Is 85758389 a composite number?
False
Is 46277921 a composite number?
False
Is 11937185621 composite?
True
Is 5113498183 a prime number?
False
Is 27329814931 prime?
True
Is 1681960531 a prime number?
False
Is 1484729803 prime?
False
Is 12897618737 prime?
True
Is 33174119833 composite?
True
Is 327393239 prime?
True
Is 5617480251 a prime number?
False
Is 66312952379 a composite number?
False
Is 25015883 a prime number?
False
Is 3321434383 a prime number?
False
Is 874310149 prime?
False
Is 6511472987 a composite number?
False
Is 2610408431 composite?
True
Is 6921727069 a prime number?
True
Is 836030969 prime?
False
Is 1934823223 composite?
False
Is 171220049461 prime?
True
Is 346060493 a prime number?
False
Is 15445406009 a prime number?
False
Is 477227599 composite?
True
Is 61735397 a prime number?
True
Is 14502264269 composite?
False
Is 98113569467 a composite number?
False
Is 473782223 prime?
False
Is 217347763 prime?
True
Is 28556268947 a prime number?
True
Is 28089352021 a composite number?
False
Is 10349490161 a composite number?
True
Is 56850318971 prime?
False
Is 1656954659 composite?
False
Is 27142819579 prime?
True
Is 613311467 a prime number?
True
Is 59286279379 a composite number?
False
Is 3001341253 a composite number?
True
Is 2225308213 prime?
False
Is 365083661 a composite number?
True
Is 9797242297 composite?
False
Is 3388451419 composite?
True
Is 4941551 a composite number?
False
Is 53761808201 a composite number?
False
Is 390067247 a prime number?
False
Is 6169732663 prime?
True
Is 140412734741 composite?
False
Is 10897985047 composite?
True
Is 259969184789 a composite number?
True
Is 919814993 prime?
True
Is 14591147167 a composite number?
True
Is 854986039 composite?
False
Is 82051149 a composite number?
True
Is 19107042767 composite?
True
Is 3535016141 prime?
False
Is 470587289 prime?
False
Is 3109162319 prime?
True
Is 17477759129 prime?
True
Is 3758189731 prime?
True
Is 4894038401 a composite number?
True
Is 115589751271 a prime number?
True
Is 700369897 prime?
True
Is 21729832951 composite?
False
Is 3573109231 composite?
False
Is 172892539 a prime number?
False
Is 88667322109 a prime number?
True
Is 4712123027 composite?
False
Is 1827153739 composite?
False
Is 8779014379 a prime number?
False
Is 535033307 a composite number?
False
Is 6658503833 composite?
False
Is 25486670423 composite?
False
Is 59759357803 prime?
False
Is 17440114561 prime?
False
Is 1237254607 a composite number?
False
Is 94448797 composite?
True
Is 25307083091 a prime number?
False
Is 612379505 composite?
True
Is 11962790407 a composite number?
False
Is 170801837 a prime number?
False
Is 10162758647 prime?
True
Is 24792412033 a prime number?
True
Is 8215134701 a prime number?
True
Is 9344203699 a prime number?
True
Is 22229311219 composite?
True
Is 674166811 a prime number?
True
Is 10223849 composite?
True
Is 38096778697 a composite number?
False
Is 1939590557 a composite number?
True
Is 650482289 a prime number?
False
Is 1212692755 a prime number?
False
Is 1355104437 prime?
False
Is 3233886823 a prime number?
False
Is 191748083 prime?
False
Is 3147575107 a composite number?
False
Is 1149925471 a composite number?
True
Is 2703643385 prime?
False
Is 68215068947 prime?
True
Is 3791273 composite?
False
Is 12322321229 prime?
True
Is 9755907269 composite?
False
Is 2857299299 composite?
True
Is 9598962587 prime?
True
Is 175528589 a composite number?
False
Is 2974430379 composite?
True
Is 679946147 a prime number?
True
Is 223127994877 prime?
True
Is 107784137 a composite number?
False
Is 250851884365 prime?
False
Is 524716295 a composite number?
True
Is 117692303 prime?
True
Is 12526787111 a prime number?
False
Is 594762899 composite?
False
Is 33245984957 prime?
True
Is 4591128001 a prime number?
False
Is 6633221009 prime?
True
Is 19750151731 a prime number?
True
Is 1738662223 a prime number?
False
Is 13170442361 a composite number?
True
Is 52183344203 a composite number?
False
Is 16638331781 a prime number?
True
Is 25702180177 composite?
False
Is 314322457 prime?
False
Is 9726764881 a composite number?
True
Is 26088379 composite?
True
Is 46724621 composite?
False
Is 4518498417 a prime number?
False
Is 447115727 a prime number?
True
Is 2749104283 a composite number?
True
Is 47981025067 composite?
True
Is 43358370023 a composite number?
False
Is 6685392073 prime?
True
Is 1732845577 a prime number?
False
Is 12918270433 a composite number?
True
Is 1798737621 composite?
True
Is 6661205783 composite?
True
Is 7429891487 a prime number?
True
Is 188733567623 composite?
False
Is 21861774973 composite?
False
Is 161854